{"id":907,"date":"2026-05-04T16:28:31","date_gmt":"2026-05-04T16:28:31","guid":{"rendered":"https:\/\/artimat.studioartitude.com\/?page_id=907"},"modified":"2026-05-04T16:46:14","modified_gmt":"2026-05-04T16:46:14","slug":"mentions-legales","status":"publish","type":"page","link":"https:\/\/artimat24.fr\/index.php\/mentions-legales\/","title":{"rendered":"MENTIONS L\u00c9GALES"},"content":{"rendered":"<p>[et_pb_section fb_built=\u00a0\u00bb1&Prime; _builder_version=\u00a0\u00bb4.27.6&Prime; _module_preset=\u00a0\u00bbdefault\u00a0\u00bb global_colors_info=\u00a0\u00bb{}\u00a0\u00bb][et_pb_row _builder_version=\u00a0\u00bb4.27.6&Prime; _module_preset=\u00a0\u00bbdefault\u00a0\u00bb global_colors_info=\u00a0\u00bb{}\u00a0\u00bb][et_pb_column type=\u00a0\u00bb4_4&Prime; _builder_version=\u00a0\u00bb4.27.6&Prime; _module_preset=\u00a0\u00bbdefault\u00a0\u00bb global_colors_info=\u00a0\u00bb{}\u00a0\u00bb][et_pb_text _builder_version=\u00a0\u00bb4.27.6&Prime; _module_preset=\u00a0\u00bbdefault\u00a0\u00bb text_text_color=\u00a0\u00bb#1a344e\u00a0\u00bb link_font=\u00a0\u00bb||||on||||\u00a0\u00bb link_text_color=\u00a0\u00bb#1a344e\u00a0\u00bb header_text_color=\u00a0\u00bb#1a344e\u00a0\u00bb header_2_text_align=\u00a0\u00bbcenter\u00a0\u00bb header_2_text_color=\u00a0\u00bb#1a344e\u00a0\u00bb header_3_text_color=\u00a0\u00bb#ec6815&Prime; header_4_text_color=\u00a0\u00bb#ec6815&Prime; header_5_text_color=\u00a0\u00bb#1a344e\u00a0\u00bb global_colors_info=\u00a0\u00bb{}\u00a0\u00bb]<\/p>\n<h2><b>Mentions l\u00e9gales<\/b><\/h2>\n<p><b><\/b><\/p>\n<p><span style=\"font-weight: 400;\">Conform\u00e9ment aux dispositions des articles 6-III et 19 de la Loi n\u00b02004-575 du 21 juin 2004 pour la Confiance dans l\u2019\u00c9conomie Num\u00e9rique (L.C.E.N.), il est port\u00e9 \u00e0 la connaissance des utilisateurs du site <\/span><b>artimat24.fr<\/b><span style=\"font-weight: 400;\"> les pr\u00e9sentes mentions l\u00e9gales.<\/span><\/p>\n<p><span style=\"font-weight: 400;\">La connexion et la navigation sur le site <\/span><b>artimat24.fr<\/b><span style=\"font-weight: 400;\"> impliquent l\u2019acceptation int\u00e9grale et sans r\u00e9serve des pr\u00e9sentes mentions l\u00e9gales.<\/span><\/p>\n<h1><\/h1>\n<h4><b>\u00c9diteur du site<\/b><\/h4>\n<p><span style=\"font-weight: 400;\">Le site <\/span><b>artimat24.fr<\/b><span style=\"font-weight: 400;\"> est \u00e9dit\u00e9 par :<\/span><\/p>\n<p><b>L\u2019association Club Entreprises du Haut P\u00e9rigord.<\/b><\/p>\n<p><span style=\"font-weight: 400;\">Si\u00e8ge social :<\/span><span style=\"font-weight: 400;\"><br \/><\/span><span style=\"font-weight: 400;\">80 CHEMIN DES CROZES<\/span><\/p>\n<p><span style=\"font-weight: 400;\">24800 EYZERAC<\/span><\/p>\n<p><span style=\"font-weight: 400;\">SIRET : 92360724600017<\/span><\/p>\n<p><span style=\"font-weight: 400;\">Email : <\/span><b>info@clubentreprisesduhautperigord.com<\/b><\/p>\n<p><span style=\"font-weight: 400;\">Responsable de la publication : <\/span><b>Emma DUBRUNFAUT<\/b><\/p>\n<p>&nbsp;<\/p>\n<h4><b>Conception du site<\/b><\/h4>\n<p><span style=\"font-weight: 400;\">Le design et la r\u00e9alisation du site ont \u00e9t\u00e9 effectu\u00e9s par <\/span><a href=\"https:\/\/maisonm.agency\/\" target=\"_blank\" rel=\"noopener\">La Maison M<span style=\"font-weight: 400;\">.<\/span><\/a><\/p>\n<p>&nbsp;<\/p>\n<h4><b>H\u00e9bergement<\/b><\/h4>\n<p><span style=\"font-weight: 400;\">Le site est h\u00e9berg\u00e9 par :<\/span><\/p>\n<p><b>IONOS by 1&amp;1<\/b><\/p>\n<p><span style=\"font-weight: 400;\">1&amp;1 IONOS SARL<\/span><span style=\"font-weight: 400;\"><br \/><\/span><span style=\"font-weight: 400;\">7 place de la Gare<\/span><span style=\"font-weight: 400;\"><br \/><\/span><span style=\"font-weight: 400;\">BP 70109<\/span><span style=\"font-weight: 400;\"><br \/><\/span><span style=\"font-weight: 400;\">57200 Sarreguemines Cedex \u2013 France<\/span><\/p>\n<p><span style=\"font-weight: 400;\">RCS Sarreguemines : 431 303 775<\/span><\/p>\n<p><span style=\"font-weight: 400;\">T\u00e9l\u00e9phone : 0970 808 911<\/span><\/p>\n<p><span style=\"font-weight: 400;\">Site :<\/span><a href=\"http:\/\/www.ionos.fr\"> <span style=\"font-weight: 400;\">www.ionos.fr<\/span><\/a><\/p>\n<p>&nbsp;<\/p>\n<h4><b>Accessibilit\u00e9<\/b><\/h4>\n<p><span style=\"font-weight: 400;\">Le site <\/span><b>artimat24.fr<\/b><span style=\"font-weight: 400;\"> est accessible aux utilisateurs 24h\/24 et 7j\/7, sauf interruption programm\u00e9e ou non pour les besoins de maintenance ou en cas de force majeure.<\/span><\/p>\n<p>&nbsp;<\/p>\n<h4><b>Propri\u00e9t\u00e9 intellectuelle<\/b><\/h4>\n<p><span style=\"font-weight: 400;\">L\u2019ensemble des \u00e9l\u00e9ments pr\u00e9sents sur le site <\/span><b>artimat24.fr <\/b><span style=\"font-weight: 400;\">(textes, images, graphismes, logo, ic\u00f4nes, structure, etc.) sont prot\u00e9g\u00e9s par les lois en vigueur sur la propri\u00e9t\u00e9 intellectuelle.<\/span><\/p>\n<p><span style=\"font-weight: 400;\">Sauf autorisation \u00e9crite pr\u00e9alable, toute reproduction, repr\u00e9sentation, modification, publication ou adaptation de tout ou partie des \u00e9l\u00e9ments du site, quel que soit le moyen ou le proc\u00e9d\u00e9 utilis\u00e9, est interdite.<\/span><\/p>\n<p><span style=\"font-weight: 400;\">Toute exploitation non autoris\u00e9e du site ou de quelconque de ses \u00e9l\u00e9ments sera consid\u00e9r\u00e9e comme constitutive d\u2019une contrefa\u00e7on et poursuivie conform\u00e9ment aux dispositions des articles L.335-2 et suivants du Code de la propri\u00e9t\u00e9 intellectuelle.<\/span><\/p>\n<p>&nbsp;<\/p>\n<h4><b>Responsabilit\u00e9<\/b><\/h4>\n<p><span style=\"font-weight: 400;\">Les informations pr\u00e9sentes sur le site <\/span><b>artimat24.fr<\/b><span style=\"font-weight: 400;\"> sont fournies \u00e0 titre indicatif.<\/span><\/p>\n<p><span style=\"font-weight: 400;\">L\u2019\u00e9diteur s\u2019efforce de fournir des informations aussi pr\u00e9cises que possible, mais ne saurait garantir l\u2019exactitude, la compl\u00e9tude ou l\u2019actualit\u00e9 des informations diffus\u00e9es sur le site.<\/span><\/p>\n<p><span style=\"font-weight: 400;\">L\u2019utilisateur reconna\u00eet utiliser ces informations sous sa responsabilit\u00e9 exclusive.<\/span><\/p>\n<p>&nbsp;<\/p>\n<h4><b>Liens hypertextes<\/b><\/h4>\n<p><span style=\"font-weight: 400;\">Le site <\/span><b>artimat24.fr<\/b><span style=\"font-weight: 400;\"> peut contenir des liens hypertextes vers d\u2019autres sites. L\u2019\u00e9diteur ne dispose d\u2019aucun moyen pour contr\u00f4ler les sites en connexion avec son site internet et ne saurait \u00eatre responsable de leur contenu.<\/span><\/p>\n<p>&nbsp;<\/p>\n<h4><b>Cookies<\/b><\/h4>\n<p><span style=\"font-weight: 400;\">La navigation sur le site <\/span><b>artimat24.fr<\/b><span style=\"font-weight: 400;\"> peut entra\u00eener l\u2019installation de cookies sur le terminal de l\u2019utilisateur.<\/span><\/p>\n<p><span style=\"font-weight: 400;\">Un cookie est un fichier permettant d\u2019enregistrer des informations relatives \u00e0 la navigation d\u2019un utilisateur sur un site internet.<\/span><\/p>\n<p><span style=\"font-weight: 400;\">L\u2019utilisateur peut configurer son navigateur pour refuser l\u2019installation des cookies.<\/span><\/p>\n<p>[\/et_pb_text][\/et_pb_column][\/et_pb_row][\/et_pb_section]<\/p>\n","protected":false},"excerpt":{"rendered":"<p>Mentions l\u00e9gales Conform\u00e9ment aux dispositions des articles 6-III et 19 de la Loi n\u00b02004-575 du 21 juin 2004 pour la Confiance dans l\u2019\u00c9conomie Num\u00e9rique (L.C.E.N.), il est port\u00e9 \u00e0 la connaissance des utilisateurs du site artimat24.fr les pr\u00e9sentes mentions l\u00e9gales. La connexion et la navigation sur le site artimat24.fr impliquent l\u2019acceptation int\u00e9grale et sans r\u00e9serve des pr\u00e9sentes mentions l\u00e9gales. \u00c9diteur du site Le site artimat24.fr est \u00e9dit\u00e9 par : L\u2019association Club Entreprises du Haut P\u00e9rigord. Si\u00e8ge social :80 CHEMIN DES CROZES 24800 EYZERAC SIRET : 92360724600017 Email : info@clubentreprisesduhautperigord.com Responsable de la publication : Emma DUBRUNFAUT &nbsp; Conception du site Le design et la r\u00e9alisation du site ont \u00e9t\u00e9 effectu\u00e9s par La Maison M. &nbsp; H\u00e9bergement Le site est h\u00e9berg\u00e9 par : IONOS by 1&amp;1 1&amp;1 IONOS SARL7 place de la GareBP 7010957200 Sarreguemines Cedex \u2013 France RCS Sarreguemines : 431 303 775 T\u00e9l\u00e9phone : 0970 808 911 Site : www.ionos.fr &nbsp; Accessibilit\u00e9 Le site artimat24.fr est accessible aux utilisateurs 24h\/24 et 7j\/7, sauf interruption programm\u00e9e ou non pour les besoins de maintenance ou en cas de force majeure. &nbsp; Propri\u00e9t\u00e9 intellectuelle L\u2019ensemble des \u00e9l\u00e9ments pr\u00e9sents sur le site artimat24.fr (textes, images, graphismes, logo, ic\u00f4nes, structure, etc.) sont prot\u00e9g\u00e9s par [&hellip;]<\/p>\n","protected":false},"author":1,"featured_media":0,"parent":0,"menu_order":0,"comment_status":"closed","ping_status":"closed","template":"","meta":{"_et_pb_use_builder":"on","_et_pb_old_content":"","_et_gb_content_width":"","footnotes":""},"class_list":["post-907","page","type-page","status-publish","hentry"],"_links":{"self":[{"href":"https:\/\/artimat24.fr\/index.php\/wp-json\/wp\/v2\/pages\/907","targetHints":{"allow":["GET"]}}],"collection":[{"href":"https:\/\/artimat24.fr\/index.php\/wp-json\/wp\/v2\/pages"}],"about":[{"href":"https:\/\/artimat24.fr\/index.php\/wp-json\/wp\/v2\/types\/page"}],"author":[{"embeddable":true,"href":"https:\/\/artimat24.fr\/index.php\/wp-json\/wp\/v2\/users\/1"}],"replies":[{"embeddable":true,"href":"https:\/\/artimat24.fr\/index.php\/wp-json\/wp\/v2\/comments?post=907"}],"version-history":[{"count":4,"href":"https:\/\/artimat24.fr\/index.php\/wp-json\/wp\/v2\/pages\/907\/revisions"}],"predecessor-version":[{"id":920,"href":"https:\/\/artimat24.fr\/index.php\/wp-json\/wp\/v2\/pages\/907\/revisions\/920"}],"wp:attachment":[{"href":"https:\/\/artimat24.fr\/index.php\/wp-json\/wp\/v2\/media?parent=907"}],"curies":[{"name":"wp","href":"https:\/\/api.w.org\/{rel}","templated":true}]}}